 What is u(n)?
3
Let j(l) be the second derivative of l**4/12 + l**3/2 - 4*l**2 + 10*l. Calculate j(-6).
10
Let w(b) = -5*b**3 + b**2 - 1. Suppose 0 = 3*r + r - 52. Suppose 2*l + 2*l = -3*p - r, -2*p + 18 = -4*l. What is w(p)?
-5
Let s(l) = l - 2. Suppose -5*f = 15, f + 38 = 2*p - 7*p. Let u = p - -4. Determine s(u).
-5
Let q(v) be the third derivative of v**4/24 + 5*v**3/6 - 15*v**2 - 1. Calculate q(-10).
-5
Let o(t) = t + 7. Let m = 70 - 75. Determine o(m).
2
Let r(k) = -k**3 + 13*k**2 + k - 7. Let i be r(13). Let z(f) = -f**2 + 4*f + 8. Let d be z(i). Let v(y) = y**2 + 3*y. Give v(d).
4
Let r(f) be the third derivative of -f**6/120 + f**4/6 - f**3/2 + 16*f**2. Determine r(2).
-3
Let l(b) = -b**3 - 3*b**2 + 3*b - 1. Suppose 5*t + 2*s = -11, 3*t + s + 19 = 6*s. Calculate l(t).
-10
Let f be 4/(-3*(-6)/9). Let l be (2/2)/(f/14). Suppose -3*a + l*a = 16. Let j(m) = m**2 - 6*m + 3. Determine j(a).
-5
Let x(u) = -u - 1 + 2*u + 2 - 3*u. Determine x(5).
-9
Let q(l) = -l**2 - 4*l + 6. Let o be q(-6). Let v(n) = 10*n**2 + 18*n + 7. Let c(y) = -7*y**2 - 12*y - 5. Let w(f) = 7*c(f) + 5*v(f). What is w(o)?
0
Let h(n) = -n**2 - 7*n - 5. Let f(s) be the third derivative of -s**5/10 - s**4/24 + s**3/6 + 8*s**2. Let i be f(1). Calculate h(i).
1
Let p = -31 + 37. Let z(r) = -2*r**2 + 9*r - 9. Calculate z(p).
-27
Let g = -19 - -13. Let h(a) = -a**2 - 5*a + 7. Calculate h(g).
1
Let u(w) = 3*w**2 - 6*w + 3. Let x(l) = -2*l**2 + 6*l - 2. Suppose d - 3 + 0 = 0. Let k(h) = d*u(h) + 4*x(h). What is k(-5)?
-4
Let h(n) = -n**2 + 11*n - 11. Let r(f) = -f**2 + 10*f - 10. Let a(y) = -4*h(y) + 5*r(y). Calculate a(5).
-1
Let s(k) = k**3 + 6*k**2 + 12*k - 7. Let w(f) = f**3 + f**2 + f + 1. Let r(p) = -s(p) + 2*w(p). Determine r(6).
21
Suppose -5*f + 16 = -2*n, 4*f = 3*n - 4*n + 5. Let c(o) = 3*o - 4. Determine c(n).
-13
Let x be -4 - (3 + 4)/(-1). Let k(r) be the first derivative of 2/3*r**3 - x - 3/2*r**2 - 4*r + 1/4*r**4. Calculate k(-3).
-4
Let c(f) = f**2. Suppose -11*k + 4 = 15. What is c(k)?
1
Let b(i) = i - 2. Suppose -2*k - 2*k + 5*f = 8, -8 = -2*f. Suppose w = -k*w - 12. Let d = 8 + w. Calculate b(d).
3
Let b(r) = r**2 - 4*r - 1. Suppose 3*g + 3*y = 9, y = g - 2*y - 3. Determine b(g).
-4
Let i(v) = 3*v - 2. Let j(h) = -h. Let o(g) = i(g) + j(g). Determine o(5).
8
Let x(z) = -7*z - 9. Let w be (-15)/(-2)*6/5. Let s(h) = 3*h + 4. Let c(u) = w*s(u) + 4*x(u). Determine c(-5).
5
Let h be (-1 - 2)/(-3)*1. Suppose 2*r = h - 5. Let x(j) be the third derivative of -j**4/8 - j**3/3 - j**2. What is x(r)?
4
Let m(i) be the first derivative of -11*i**2/2 - 1. Suppose -3 = -3*q - 0*q. Give m(q).
-11
Let s(b) = -b**3 - 24*b**2 - 24*b - 17. Let k be s(-23). Let m(a) = -2*a - 8. Let h(v) = -v - 7. Let z(d) = 3*h(d) - 2*m(d). What is z(k)?
1
Let d(s) = 2 + 2*s**2 - s**2 + 506*s - 509*s. What is d(3)?
2
Let h(r) = r**3 - 4*r**2 + 5*r - 4. Let g = -68 - -72. Calculate h(g).
16
Let v(t) = -3*t**3 + 1. Let s be v(-1). Suppose k - s*w = -5, -2*k + 10 = 2*w - 0*w. Suppose -5 = x, -k*u - 4*x + x = 30. Let y(b) = b**2 + 4*b + 4. Give y(u).
9
Let y(i) = -2*i - 2. Let r = -7 + 16. Let o = r - 15. Determine y(o).
10
Let c be 7/2 + (-10)/20. Let x(i) = i**2 - 6*i**2 + 3 - i**2 - i**3 + 2*i + c. Calculate x(-6).
-6
Let z(j) = -j**3 + j**2 + j - 2. Suppose -r - 14 = -5*s + r, 5*r = -2*s - 6. Calculate z(s).
-4
Let l(c) = -c + 1. Let f be (-3)/((-3)/8) - 3. Let h = f - 2. Let n = h + -4. Give l(n).
2
Let v(x) = -4 - 2*x**2 + 5*x - 5*x**3 - 2*x**2 + 3*x**2. Let b(p) = -11*p**3 - 2*p**2 + 11*p - 8. Let g(j) = -4*b(j) + 9*v(j). Give g(0).
-4
Let p(w) = -2*w - 19. Let k be p(-11). Let q(i) = k*i - 4*i + 1 + 2 + 5*i**2 - 4. Determine q(2).
17
Suppose -3*v - 5 = 2*v. Let o(l) be the third derivative of l**6/90 + l**5/120 - l**4/12 + 2*l**2. Let k(x) be the second derivative of o(x). Determine k(v).
-7
Let u(x) = 2*x - 6. Let k(b) = -4*b**2 + 5*b + 7. Let s(h) = -h**2 - 1. Let n(v) = k(v) - 3*s(v). Let o be n(6). Calculate u(o).
2
Let t = -36 - -33. Let k(u) = -3*u. Calculate k(t).
9
Suppose 3*u - 4 = u. Let d be (-3)/u + (-7)/(-2). Let a(s) = 2*s**2 - s. Give a(d).
6
Let f(l) be the third derivative of l**6/120 + l**5/12 + 5*l**4/24 - l**3/6 + 10*l**2. Determine f(-4).
-5
Let j = -4 + 0. Let c(l) be the third derivative of -l**6/360 - l**5/30 + l**4/6 + l**3/3 - 3*l**2. Let f(d) be the first derivative of c(d). Determine f(j).
4
Let z(m) = m**3 + 6*m**2 + 2*m - 4. Suppose -5*n - 3*p + p - 21 = 0, n + 4*p - 3 = 0. Give z(n).
11
Let r(t) = -1 + 4 + 3 + 1 - t. What is r(8)?
-1
Let m(c) = -c**2 + 12*c - 14. Let o be m(11). Let p = -2 + o. Let k(d) = -d**2 - 4*d + 6. Give k(p).
1
Let g(l) = -3*l**3 - 11*l**2 + 14*l + 14. Let j(h) = h**3 + 4*h**2 - 5*h - 5. Let w(z) = 4*g(z) + 11*j(z). Calculate w(-1).
1
Let d(y) = -3*y. Let g = 26 + -25. Calculate d(g).
-3
Let x(q) be the second derivative of -q**5/20 - q**4/12 + 2*q**3/3 + 3*q**2/2 - 41*q - 2. Let k(y) = -y**2 + 6*y - 2. Let j be k(6). Determine x(j).
-1
Let k(l) = l**2 - 2*l + 2. Let o be (-2 - 9/(-6))*-8. Give k(o).
10
Let l(t) = t. Let r = -1 + 2. Let v = 0 - r. Let u be 5/1 - (v + 1). Calculate l(u).
5
Let x(d) = 5*d**2 + 6*d + 1. Let f(u) = u**2 + u. Let j(q) = -3*f(q) + x(q). Let i = 8 - 10. Give j(i).
3
Let s(r) = 4*r - 3. Let k be (-12)/20 + (-23)/(-5). Suppose 6 + 0 = -k*l - 2*v, -l + 3 = 2*v. Determine s(l).
-15
Let v(k) = 9. Let t(f) = f + 10. Let i(p) = 2*t(p) - 3*v(p). Suppose -8 = -4*w + 12. Give i(w).
3
Let m(y) = -3*y + 7. Let d be m(0). Let b(v) = v - 13. Determine b(d).
-6
Let v(f) be the first derivative of -f**3/3 - 3*f**2/2 + 3*f + 5. Calculate v(-3).
3
Let u(o) = 78*o - o**2 + 68*o - 154*o. Determine u(-8).
0
Let m(v) = -3 + 6 - 4*v - 2. Let j be (2/(-6))/(4/(-12)). Calculate m(j).
-3
Let g = -18 - -27. Suppose 0 = p + 2*p - g. Let n(u) = p + u - 4 + 0*u. Calculate n(-2).
-3
Let m(s) be the first derivative of -s**4/4 + 3*s**2/2 - 22. Determine m(-3).
18
Suppose -5*j = -4*y + 5, 6*j + 4*y + 4 = 2*j. Let g(x) = -2*x**3 - x. Let v be g(j). Let q(l) = -l + 2. Calculate q(v).
-1
Let a(l) = -l**3 - 7*l**2 - 8*l - 8. Let i(m) = -2*m + 5. Let n be i(11). Let s = 11 + n. Calculate a(s).
4
Let p(c) = -c**2 - 2*c + 3. Let k(m) = m**2 + 7*m - 11. Let w be k(-8). What is p(w)?
0
Let y(u) = u**3 - 4*u**2 - 3*u - 6. Let v be (-6)/9 + 15/9. Suppose 2*c = -q + 10, 0 = -3*q - q + 4*c + 16. Let l = q - v. Give y(l).
4
Let v(d) be the second derivative of d**3/6 + d**2 - 3*d. Let f be 1*(-4 - -2) - -2. Suppose f*w = -w. What is v(w)?
2
Let i(t) be the first derivative of t**3/2 - 3*t**2/2 - 6*t + 2. Let v(f) be the first derivative of i(f). Give v(3).
6
Let d be -12*(5 + -3)/6. Let x(s) = s**2 + 7*s + 6. What is x(d)?
-6
Let g(r) = -5*r**3 + 9*r**2 + 1. Let s(b) = -2*b - 4*b**3 - 3*b**2 + b + 6*b**2 + 5*b**2. Let a(k) = 3*g(k) - 4*s(k). Calculate a(4).
3
Let t(m) = 5*m - 2. Let c be t(1). Let q(j) = j**3 - j**2 + j - 1. Determine q(c).
20
Let a(w) = 4*w**2. Suppose 12*b + 19 = 31. Give a(b).
4
Let g(t) = -t + 9. Let k be g(9). Suppose k*o + p + 6 = 5*o, 0 = -2*o + 4*p - 12. Let a(n) = -3*n + 3. What is a(o)?
-3
Let z = -2 - -10. Let y(c) = 11*c**2 + 11*c + 24. Let a(p) = -4*p**2 - 4*p - 8. Let o(g) = z*a(g) + 3*y(g). Give o(0).
8
Suppose -3 - 2 = -r. Let x(n) = -349*n**3 + 7*n**2 - 2 + 348*n**3 - n - 2*n**2. What is x(r)?
-7
Let i(w) = w**3 + 7*w**2 - 5. Let m(z) = 2*z**3 + 15*z**2 - 11. Let y(s) = -5*i(s) + 2*m(s). Determine y(-4).
-13
Let u(n) = 9*n**2 - 4 - 4*n - 11*n**2 + n**2. Determine u(-6).
-16
Let m(k) = -k**2 + 4. Let c(u) = -u**2 - u + 4. Let w(q) = -3*c(q) + 4*m(q). What is w(3)?
4
Let w = -15 - -8. Let q(j) = j**2 + 9*j + 10. Determine q(w).
-4
Suppose 0 = -0*u + u. Let k(f) = -2 - f + u + 4. Calculate k(-4).
6
Let u(g) be the third derivative of -g**6/360 + g**5/60 + g**4/24 + 5*g**3/6 - 3*g**2. Let x(f) be the first derivative of u(f). Give x(3).
-2
Let d be (-1 - 0/(-3)) + 0. Suppose -26 = -2*y - 10. Let q be (-24)/y + d/(-1). Let z(m) = -2*m - 1. Give z(q).
3
Let y = 9 + -7. Let d(r) = -y + 1 - 3*r**2 + 4*r**2 - 2*r. Suppose -o = -a - 6, 0 = 5*o + a - 3 - 3. Calculate d(o).
-1
Let m(u) = 7*u**2 + 2*u + 7. Suppose 4*c + 4*o = 9*o + 4, 3*o + 2 = 2*c. Let g(k) = -k**2 - k - 1. Let q(x) = c*m(x) + 5*g(x). Determine q(2).
4
Suppose 0 = 5